0 = 3*v - 15 - s. Let r be 8 + (0/2 - 2). Calculate the highest common factor of r and v.
6
Let w = 2 - 2. Suppose 95 = 5*k - 2*c, -3*k + 0*k + 3*c + 66 = w. Suppose n + 4*d - 113 = -k, 5*n + 4*d = 416. What is the greatest common factor of 10 and n?
10
Let o = -9 + -21. Let w be 44 + -2 - o/(-10). Suppose -p - 5*m + 13 = 0, m = 4*p - 2*m - 52. Calculate the highest common divisor of w and p.
13
Let o(j) = j**3 - 2*j**2 - 2*j - 3. Let g = 11 + -8. Let z be o(g). Let a(f) = -f + 25. Let k be a(z). Calculate the highest common factor of k and 10.
5
Let o be (-213)/(-6) - 1/(-2). Suppose 5*f - 10 = 10. Suppose 0*w = f*w - o. Calculate the greatest common factor of w and 27.
9
Suppose 0*r - 16 = -2*c + 3*r, r = -3*c + 13. Suppose 4 = c*q - q. Let n be (-27)/(-3) - (0 + q). Calculate the highest common divisor of 8 and n.
8
Suppose 0 = v + v + 5*l - 16, -l = 2*v. Let p be v + -1 - (3 - 17). What is the highest common divisor of p and 88?
11
Let o(q) = q**2 - 3*q - 2. Let g(h) = -h + 15. Let z be g(12). Let r = z - -2. Let f be o(r). What is the greatest common divisor of 20 and f?
4
Let v = 109 - 76. Calculate the greatest common divisor of 11 and v.
11
Let w(f) = 2*f**3 + f**2 - f + 2. Let x be w(0). Suppose 0 = r - 0*r - 4. What is the greatest common factor of r and x?
2
Suppose 59 + 805 = 12*h. What is the highest common factor of h and 9?
9
Suppose 4*y = 2 + 14. Suppose 0 = -2*z + y*z + 388. Let t be z/(-4) - (-1)/2. Calculate the highest common factor of 7 and t.
7
Suppose -43*d - 69 = -44*d. What is the greatest common factor of 46 and d?
23
Let u = -126 + 138. Calculate the highest common factor of u and 84.
12
Let x(t) = -t**3 + 16*t**2 + 5*t - 20. Let q be x(16). Calculate the greatest common divisor of q and 90.
30
Suppose 84 = 2*s + s. What is the highest common divisor of s and 224?
28
Let a = -12 - -14. Suppose 4 = 4*x + 4*r, -5*r - 8 = 2*x + a. Calculate the greatest common factor of 2 and x.
1
Let o(m) = m**3 - 3*m**2 - 4*m + 6. Let p be o(5). Let b = 69 - 21. Suppose -f + b = f. What is the highest common divisor of p and f?
12
Let h(l) = -l**3 - 5*l**2 - 6*l. Let v be h(-4). Let s = -42 + 74. What is the greatest common factor of v and s?
8
Suppose 0 = -2*t + t + 5. Suppose -t*c + 30 = 2*u, c - 3*u - 18 = -u. Let j(h) = 2*h**2 + 2*h + 4. Let w be j(5). What is the highest common divisor of w and c?
8
Let n(c) = c**2 + 4*c + 3. Let l be n(-3). Suppose -7*q + p = -4*q - 13, l = -5*q - 3*p + 17. Calculate the highest common divisor of q and 44.
4
Let v(t) = -t**3 - 26*t**2 + 58*t + 65. Let p be v(-28). Let x be (1 - 1 - -1) + -3. Let g = -1 - x. Calculate the greatest common divisor of p and g.
1
Suppose -l + 7*z - 2*z = -36, 2*l + 2*z = 24. What is the highest common divisor of l and 4?
4
Let j be (-1 + -11)/((-24)/64). Suppose 2*d = 56 + 156. Let a = -58 + d. What is the greatest common factor of a and j?
16
Suppose 4*p + 2*n - 55 = 5*n, 5*p = -n + 45. Calculate the greatest common divisor of 2 and p.
2
Let s(q) = q**2 + 11*q + 7. Let u be s(-13). What is the greatest common factor of 11 and u?
11
Suppose 3*h = -2*b - 9, b = 4*b + 2*h + 11. Let g be (0 - -1)/(-2 - b). Calculate the highest common factor of 3 and g.
1
Let f be (3 + -2)/(1 + 34/(-35)). Calculate the greatest common factor of f and 280.
35
Let s = 6 - -4. Let r be (-145)/(-25) + 2/s. What is the greatest common factor of 6 and r?
6
Suppose 7 - 28 = -x. Calculate the greatest common factor of 14 and x.
7
Suppose 12*w - 7*w - 95 = 0. What is the greatest common divisor of w and 57?
19
Let a = 31 + -25. Suppose a*u + 42 = 3*x + 2*u, 0 = -2*x + 3*u + 29. What is the greatest common divisor of 30 and x?
10
Let g(i) = -257*i**3 + i**2 + 2*i + 1. Let w be g(-1). Let q = w + -125. Let s = -27 - -39. Calculate the greatest common divisor of s and q.
12
Let b(g) = 9*g**3 + g + 1. Let i be b(-1). Let a = i - -17. What is the greatest common factor of a and 88?
8
Let c(q) = -q**3 - 6*q**2 + 7*q + 10. Let f be c(-7). Suppose -8*s + 3 = -77. What is the greatest common divisor of f and s?
10
Suppose 3*i - 48 = i. What is the highest common divisor of i and 24?
24
Let g(h) = h**3 + h + 150. Let r be g(0). What is the greatest common factor of 60 and r?
30
Let m be -5*(0 - 87/15). Suppose -4*b + 2*l = -m - 291, 3*b - 240 = -l. What is the highest common factor of b and 16?
16
Let y be 2/(0 - 2) + 264. Let u = y + -118. Suppose 4*r + d - u = 0, -r + 2*r = d + 30. What is the highest common factor of 14 and r?
7
Let v(s) = -2*s + 6. Let l be v(-4). Calculate the greatest common divisor of 98 and l.
14
Suppose 2*d + 51 = 3*g + 7*d, g + 3*d = 21. What is the greatest common factor of 204 and g?
12
Suppose 2*s = 3*s + 4*x - 105, 5*x = 0. What is the greatest common divisor of 15 and s?
15
Suppose w - 18 = -2*w. Let z be (-3)/w + (-2)/4. Let f be 10/(2*z/(-14)). What is the greatest common divisor of f and 10?
10
Let l be (18 - (-5)/((-10)/6)) + -4. Calculate the highest common divisor of 99 and l.
11
Let c(h) = 11*h**2 + 5*h - 7. Let s be c(2). What is the highest common factor of s and 94?
47
Suppose -2*r + r = -4. Suppose -n + r*n - 51 = 0. What is the greatest common factor of n and 34?
17
Let y(t) = 4*t**2 + t + 4. Let h be y(4). Suppose -h = -0*m - m. What is the highest common divisor of 9 and m?
9
Let y(j) = 7 + 5*j**3 - 9*j**2 + 2*j**2 - 4*j**3 + 4*j. Let d be y(7). What is the greatest common divisor of d and 7?
7
Let u(c) = c. Let m be u(-8). Let j = 5 + -3. Let g = j - m. What is the greatest common divisor of g and 20?
10
Let g be (-5 - -2) + 0 + 240. Let f = g - 138. Calculate the greatest common divisor of 11 and f.
11
Let n(a) = 4*a**2 + 3*a + 2. Let w be n(-2). Let l be 4/(-1)*-1 + 32. Calculate the highest common divisor of w and l.
12
Suppose -2*q - b - b = -22, -b + 39 = 5*q. Let g be (55/3)/(q/84). What is the greatest common factor of 20 and g?
20
Suppose -5*x = -46 - 39. Suppose -s - 3*m + 175 = 0, 358 = 2*s - 0*s + 4*m. Calculate the greatest common divisor of x and s.
17
Let l be 64/2 - 20/5. Let b(i) = i**3 + 4*i**2 - 1. Let p(f) = -2*f. Let y be p(1). Let s be b(y). Calculate the highest common factor of s and l.
7
Suppose -t + 9 = 2*d, 2*d - 36 = -d + 3*t. Let a(o) = -o + 16. Let r be a(d). Calculate the highest common factor of r and 63.
9
Let f(l) = -l**2 - 7*l + 10. Let z be f(-8). Suppose -3*x + 36 = 4*y + 3, -z*y - 3*x + 21 = 0. What is the greatest common divisor of 15 and y?
3
Suppose 4*k - 153 = k. What is the greatest common factor of 17 and k?
17
Let y(f) = f**3 + 7*f**2 - 10*f - 1. Let u be y(-8). Calculate the highest common divisor of 105 and u.
15
Suppose -5*t - 4*a = -102, -4*t - 2*a = a - 82. Calculate the greatest common factor of t and 198.
22
Suppose 0 = -2*o - 2*o + 44. What is the highest common divisor of o and 44?
11
Let j(a) = -3*a**3 - 4*a**2 + 4*a + 4. Let x be j(-4). Suppose -5*b = -2*k + x, 7*k - 3*b - 252 = 2*k. Calculate the greatest common factor of k and 72.
24
Let q be -1 + 3*75/9. Let z = -8 - -11. Calculate the highest common divisor of z and q.
3
Let g = -1 + 3. Let w be (g - (-3)/(-2))*0. Suppose -5*f - 3*y = -91, 2*f + w*y - 55 = 5*y. What is the highest common factor of f and 160?
20
Let k(a) = -a**3 + 8*a**2 + 9. Let f be k(10). Let p be 3 + (2 - 4 - f). What is the highest common divisor of p and 24?
24
Let n(f) = 2*f + 31. Let l be n(-8). Let r = -27 + 102. What is the highest common divisor of l and r?
15
Suppose m - 6 = 5*x + 3, 27 = 3*m - 2*x. Let g(z) = z**2 + z - 1. Suppose 0 = -v - 1 + 2. Let t be g(v). What is the greatest common divisor of m and t?
1
Let r be 4 + -2 + 6 + -17. Let n be (-36)/8*42/r. Calculate the highest common divisor of 21 and n.
21
Suppose j - 2*a = 14, 3*a = -3*j - 3 + 63. Suppose -8*x - 44 = -3*n - 3*x, -x - 34 = -2*n. Suppose t = n + 9. Calculate the highest common factor of j and t.
9
Suppose -4*o + 202 = -x, 5*x - 7 - 3 = 0. What is the greatest common divisor of o and 34?
17
Let q = 12 - -10. Suppose 3*j + 2 - 35 = 0. What is the highest common factor of j and q?
11
Let g(h) = 2*h**2 - 8*h. Let d be g(6). Calculate the greatest common factor of 32 and d.
8
Let g be ((-6)/8)/((-2)/8). Let f(u) = -u**3 - 9*u**2 + 10*u + 1. Let p be f(-10). Calculate the greatest common factor of g and